 25 + -5. Let f = -135 + 139. Let b = n - f. What is the tens digit of b?
1
Let i be 6 - 6 - (-3 - -24). Let w be 24/i*28/(-8). Suppose -w*c + 242 = 62. What is the tens digit of c?
4
Suppose 252 = 25*a - 23. Let g(h) = -7*h**2 - 35*h + 2. Let k(q) = 3*q**2 + 17*q - 1. Let w(u) = 4*g(u) + 9*k(u). What is the units digit of w(a)?
1
Let z = 27 - 18. Suppose 0 = -3*v - 5*d - z + 86, -81 = -3*v - 3*d. What is the units digit of v?
9
Suppose 0 = -2*g + 2*a + 8 + 20, -2*g = 5*a. Let k = g + -24. What is the units digit of (k/(-5))/(2/10)?
4
Suppose 12*p - 4827 = 15501. What is the hundreds digit of p?
6
Let f be 0 + 5/((-15)/(-18)). Suppose -1582 = -f*o + 134. What is the units digit of o?
6
Suppose -5*g - 895 = -3*c, -3*c + 4*c - 3*g = 305. Suppose 4*r + 176 = 3*m, 70 = -4*m - 2*r + c. What is the tens digit of m?
5
Let y = 3 + -3. Let j = y - 5. Let d = j + 9. What is the units digit of d?
4
Let b = -67 - -77. Suppose 2370 - 130 = b*z. What is the tens digit of z?
2
Suppose 4*k - 3*k + m = 27, -4*k - 2*m + 114 = 0. Let s(l) = -10*l**2 - l + 2. Let j be s(2). What is the tens digit of (-44)/(-3) - j/k?
1
Let q(t) = -t**3 + t**2 - t - 1. Let c(o) = o**3 + 13*o**2 + 13*o - 2. Let v(m) = c(m) + 2*q(m). What is the tens digit of v(15)?
6
Suppose -5*s + 131 = j + 31, 4*s = 3*j - 205. What is the units digit of 25/j + 14/3?
5
What is the thousands digit of (-534 + 0)*(40/(-5) - -3)?
2
Let r = 20 + -9. Let m = r + -7. Suppose m*w - 165 = -w. What is the units digit of w?
3
Let t = -588 + 998. Suppose -7*r - t = -1432. What is the units digit of r?
6
Suppose -z = c - 8, 5*c + z - 37 = -3*z. Suppose 6*d - 1001 = -c*d. What is the units digit of d?
1
Suppose 3*o = -7 + 22. Suppose -f - 477 = -o*i, 4*i + 5*f - 241 = 158. Suppose -3*y - 2*y + g = -i, -4*y = -4*g - 80. What is the units digit of y?
9
Suppose -6 = -5*i - 1. Let t(p) = 3*p + 1. Let w be t(i). Suppose w*r + 12 - 2 = 2*m, 5*r = -2*m + 46. What is the units digit of m?
3
Suppose 0 = -83*n + 53309 + 117090. What is the tens digit of n?
5
Suppose 0 = -2*h + 3*r + 3172, 5*h - 39*r + 35*r - 7944 = 0. What is the hundreds digit of h?
5
Suppose 12*n - 13*n = 4. What is the units digit of 1/((16/(-148))/n)?
7
Let o be ((-12)/5)/(12/(-360)). Let y = 30 - o. Let f = 12 - y. What is the units digit of f?
4
Let a(i) = i**2 - 11*i - 9. Let l be a(12). Suppose -l*v = -2*u - 3, 0*u = v - u. What is the units digit of v - 1 - 4/4?
1
Let q(l) = l**3 + 13*l**2 + 10*l - 4. Let v be q(-10). Suppose 7*s - 11*s + v = 0. What is the tens digit of s?
4
Let o = 8 + 1. Let z = 12 - o. What is the tens digit of 54/z - 2/2?
1
Suppose -17646 = -3*d + g, 16*d + 2*g - 11764 = 14*d. What is the hundreds digit of d?
8
Let x be -1*(-209 - 2) + -4. Let f = x - 63. What is the tens digit of f?
4
Let s = 58 + -36. Suppose 2*l - 4*l = 0, c - s = 4*l. What is the tens digit of c?
2
Let c(b) be the second derivative of b**4/6 - 11*b**3/6 - 17*b**2/2 - 10*b. What is the units digit of c(-9)?
4
Let d be (-364)/30 - (-4)/30. What is the units digit of -27*(52/d + 4)?
9
Let v(m) = -2*m + 1. Let s(l) = 20*l - 2. Let p(t) = s(t) + 3*v(t). Suppose -2*j + 19 = 3*q, 4*q - 2*j = 3*j + 10. What is the tens digit of p(q)?
7
Let q(c) be the second derivative of -6*c + 0 - 19/2*c**2 + 2/3*c**3. What is the units digit of q(10)?
1
Suppose -3*y = -0*y - 378. Suppose 0 = -2*t + y + 234. What is the hundreds digit of t?
1
Suppose -3*a = -5*a - 32. Let r = -16 - a. Suppose -u + 0*u + 20 = r. What is the units digit of u?
0
Let n(j) = j**3 - j**2 + 8. Let a be 2/(-9) + (-8)/(-36). Let x be n(a). Suppose -4*l + x = -12. What is the units digit of l?
5
Let k = 23 - 39. Let z = 30 + k. What is the tens digit of z?
1
Let q = -250 + 467. Suppose -2*v = -9*v + q. What is the tens digit of v?
3
Suppose -5*h + 28 = -2*u + 8, -3*u = 4*h - 16. Suppose -h*n - 24 = -4*b, -b + 4*n + 8 - 2 = 0. Let p = 6 + b. What is the tens digit of p?
1
Let j be 2 + 1/((-1)/(-108)). Suppose 0 = q + 3*k - j, q + 2*q = -k + 298. What is the units digit of q?
8
Let n = 22 + 27. Let k = n - 85. What is the units digit of ((-18)/k)/((-2)/(-192))?
8
Let k(m) = m**3 + 13*m**2 - m - 9. Let s be k(-13). Let w be 20 + 4/s + -2. Suppose 4*f = -4*u + 68, -f + 23 + w = -4*u. What is the tens digit of f?
2
What is the thousands digit of 8/20 + (-438857)/(-145)?
3
Let m = 128 + -197. Let g = m - -139. What is the units digit of g?
0
Suppose 17*g + 92 = 18*g. What is the units digit of g?
2
Suppose 6*p - 38 - 52 = 0. What is the tens digit of ((-2)/1 - 4)*p/(-2)?
4
Suppose 5*t - 29 = -3*k, -4*k - 4 = -2*k. Let z be (-7)/(t/(-4)) - 2. What is the tens digit of (1 - 23)*(-1)/z?
1
Let a(p) = 3*p**3 + 12*p - 12. What is the hundreds digit of a(7)?
1
Suppose 0 = -f - 59. Let h = 160 + f. Let b = h + -58. What is the tens digit of b?
4
Suppose -33425 = -36*j + 11*j. What is the hundreds digit of j?
3
Suppose 0 = d - 2*x - 49, 4*x = d - 79 + 20. Let r = d + -58. Let g = 66 + r. What is the units digit of g?
7
Suppose 895*q = 906*q - 42801. What is the tens digit of q?
9
Let s(k) = 17*k**2 + 46*k - 16. What is the hundreds digit of s(16)?
0
What is the units digit of (-8 + 1374/12)*4/6?
1
Suppose -653 = -4*y + 663. What is the hundreds digit of y?
3
Suppose -6*d + 9 = -3. Suppose 124 = 2*u + 3*j, -d*u - 2*j = -1 - 121. What is the tens digit of u?
5
Let z = 198 - -370. What is the units digit of z?
8
Suppose -7*t + 1935 = 36*t. What is the units digit of t?
5
Suppose a + 2*u = 4*a + 54, -11 = a - 3*u. Let b = 7 + a. Let r = b + 28. What is the units digit of r?
5
Let j(a) = -a**3 + 8*a**2 - 6*a - 7. Let w be j(7). What is the units digit of 47 + w - (-18 - -16)?
9
Suppose -109122 = -74*g + 35*g. What is the tens digit of g?
9
Suppose -10*a + 7772 + 14048 = 0. What is the hundreds digit of a?
1
Let a = 5 - 15. Let d be -5*1/a*6. Suppose -2*q - 3*g = -35, -d*g - 12 - 18 = -3*q. What is the units digit of q?
3
Suppose -2 = -2*c + 2. Let z be (-5 + 10)*c/5. What is the units digit of 10*(12/(-8) + z)?
5
Let v(z) = -z**2 - 6*z + 3. Let w be v(-6). Suppose -2*k - k = w*u + 6, -2*u + 3*k = -16. What is the units digit of (u - 0) + (21 - 2)?
1
Suppose -9*p - 906 = -11*p. What is the hundreds digit of p?
4
Let u(x) be the third derivative of -x**6/120 + x**5/10 + 13*x**4/24 - 5*x**3/2 + 23*x**2. What is the tens digit of u(7)?
2
Suppose -22*t - 15354 = -40*t. What is the hundreds digit of t?
8
Let h be 38 + 1/1*4. Let a = h - 41. What is the units digit of a?
1
Suppose 10*y = 18*y - 2528. What is the units digit of y?
6
Let n(h) = -h + 21. Let u(w) = w - 21. Let a(x) = -2*n(x) - 3*u(x). Let p = 20 + -14. What is the units digit of a(p)?
5
Suppose -17*t = -10*t - 3591. What is the tens digit of t?
1
Let o be ((-1)/(-3))/((-3)/(-72)). Suppose -o = -3*x + 4*x. What is the units digit of (-4 + 6)/((-2)/x)?
8
Suppose -2 = -t + 7. What is the units digit of 240/t*6/4?
0
What is the thousands digit of 3218 + (-7 - -9)*15/6?
3
Suppose 2*j + 2*g = 6*j + 2, 2*g - 20 = -5*j. Suppose 6*k = 5*k + j, -k = 5*r - 862. What is the hundreds digit of r?
1
Let t = 155 + 146. What is the tens digit of t?
0
Let y(m) = m**2 - 2*m + 13. Suppose 3*f + 2*f = 10, 0 = i + f + 9. What is the units digit of y(i)?
6
What is the tens digit of 91120/119 - (-2 + (-12)/(-7))?
6
Let f = 220 - 59. What is the tens digit of f?
6
Let u be (-2)/((-1)/16*2). Let k be (-2)/((u/(-6))/4). What is the units digit of 37 + 3/k + 1?
9
Let z = 1780 + 730. What is the tens digit of z?
1
Suppose 3264 = 11*w - 190. What is the units digit of w?
4
Let h(b) = -2*b**2 + 30*b + 13. What is the units digit of h(14)?
1
Let q = 14 - 76. Let x = q - -107. What is the units digit of x?
5
Let k(p) = p + 0*p**2 + 5*p**2 + 2 + 10*p**2 - 3. Let r = 7 - 8. What is the tens digit of k(r)?
1
Let t(d) = d**2 - 2*d - 11. Let p be t(5). Suppose p*f = 1 + 7. What is the tens digit of 1/(-3 + f) + 28?
2
What is the units digit of (-3720)/((-16)/4) - 25/(-5)?
5
Let y = -13 + 16. What is the tens digit of (18*2 - 3) + y?
3
Suppose 5*d = -3*c + 2*c - 80, -48 = 3*d - 4*c. Let n = -16 - d. Suppose -f + 4*f - 90 = n. What is the units digit of f?
0
Let u(i) = i**3 + 4*i**2 - 2*i - 6. Suppose 8 = 4*z - 6*z. Let s be u(z). What is the tens digit of 0 - (3 + (-34)/s)?
1
Suppose -5*k + 536 = -